0 and 2035.
55
What is the highest common divisor of 52 and 49308077?
13
What is the greatest common factor of 7891 and 1075604?
607
What is the highest common divisor of 1625610 and 130?
10
Calculate the greatest common divisor of 505629 and 35305.
307
Calculate the highest common factor of 97231721 and 323.
323
Calculate the greatest common divisor of 20 and 33544430.
10
Calculate the highest common divisor of 1881 and 31509486.
171
Calculate the highest common factor of 65788290 and 450.
90
Calculate the greatest common factor of 13 and 485657432.
13
What is the greatest common divisor of 310335 and 665?
5
Calculate the highest common divisor of 7245 and 43773163.
161
Calculate the highest common divisor of 36 and 212005540.
4
What is the greatest common divisor of 7939459 and 33?
11
What is the greatest common factor of 519532 and 5432323?
1339
What is the greatest common divisor of 224 and 7045052?
28
What is the greatest common factor of 36737 and 4?
1
Calculate the highest common factor of 6456 and 563448.
24
Calculate the greatest common factor of 33127645 and 3485.
85
Calculate the greatest common divisor of 4733313 and 156.
39
What is the highest common factor of 24668 and 2550464?
28
What is the highest common factor of 175718718 and 31577?
2429
Calculate the highest common divisor of 136 and 79376792.
8
Calculate the greatest common factor of 539214075 and 1037.
1037
What is the greatest common factor of 10057932 and 39528?
324
What is the highest common factor of 26304 and 396864?
192
Calculate the highest common divisor of 8218528 and 212352.
2528
Calculate the highest common factor of 11664372 and 42.
6
Calculate the greatest common divisor of 847 and 270858434.
77
Calculate the highest common divisor of 8680 and 132243272.
1736
What is the greatest common factor of 87356049 and 19470?
1947
Calculate the greatest common divisor of 11992877 and 403.
403
What is the greatest common factor of 155 and 29277299?
31
Calculate the greatest common divisor of 2081364190 and 2810.
2810
What is the greatest common factor of 1764 and 13677762?
294
Calculate the greatest common factor of 100 and 78704170.
10
Calculate the greatest common factor of 99 and 1236202671.
33
Calculate the highest common divisor of 12383 and 215383.
203
What is the greatest common divisor of 244211 and 2200?
11
What is the highest common factor of 709128 and 30954?
2814
Calculate the greatest common divisor of 680022 and 11850013.
12593
Calculate the highest common divisor of 64 and 82612416.
64
What is the highest common factor of 2425434 and 825?
33
Calculate the greatest common divisor of 250251 and 264.
3
Calculate the greatest common divisor of 2076 and 3524529.
519
What is the greatest common divisor of 1241968 and 280?
56
Calculate the greatest common factor of 5679056 and 52128.
2896
What is the highest common factor of 650566631 and 5662?
2831
Calculate the highest common factor of 3523806 and 23606.
814
Calculate the highest common factor of 921880 and 920.
40
What is the highest common divisor of 106434 and 119866?
146
Calculate the highest common divisor of 15080229 and 36.
9
What is the greatest common factor of 2324 and 661344?
332
Calculate the highest common divisor of 2478760 and 1395.
155
What is the highest common divisor of 4168962 and 433090?
3766
Calculate the greatest common divisor of 22609753 and 3819.
1273
What is the highest common divisor of 8202 and 72155728?
2734
Calculate the greatest common divisor of 803 and 50144325.
11
Calculate the greatest common factor of 5373516 and 3.
3
What is the greatest common divisor of 2522844 and 324?
36
Calculate the highest common factor of 10630 and 337130.
10
What is the greatest common divisor of 4545 and 165645?
45
What is the highest common divisor of 529247 and 402548?
157
What is the highest common divisor of 533 and 3854097?
13
What is the greatest common divisor of 10881 and 8318323?
403
Calculate the highest common factor of 11221870 and 77.
11
Calculate the highest common factor of 2312 and 309094.
34
Calculate the highest common factor of 5234 and 2375812046.
5234
What is the highest common factor of 38 and 4008696722?
38
Calculate the greatest common divisor of 2034592 and 4991.
217
Calculate the greatest common divisor of 1238 and 572633186.
1238
What is the greatest common divisor of 501279 and 374?
17
What is the greatest common factor of 2887153 and 58361?
3433
Calculate the greatest common factor of 145 and 105908.
29
What is the greatest common divisor of 86412150 and 216?
54
Calculate the greatest common factor of 837460 and 948220.
260
What is the greatest common divisor of 25 and 61715115?
5
Calculate the highest common factor of 12649 and 82151363.
973
What is the highest common factor of 26217387 and 504?
63
What is the greatest common factor of 73 and 64465205?
73
What is the highest common factor of 1961109 and 6?
3
Calculate the highest common divisor of 17495997 and 1767.
93
What is the highest common factor of 65811930 and 15351?
2193
Calculate the highest common factor of 77 and 8934079.
77
What is the greatest common divisor of 207 and 1818063?
9
Calculate the greatest common factor of 64 and 2798416.
16
Calculate the highest common factor of 42662 and 552807.
257
What is the highest common divisor of 339 and 2787987?
3
Calculate the highest common divisor of 41 and 256516787.
41
What is the greatest common factor of 1353655165 and 2215?
2215
Calculate the highest common divisor of 74624725 and 2100.
175
What is the greatest common divisor of 26458 and 8554?
2
Calculate the highest common divisor of 2967554 and 136.
34
What is the highest common factor of 396936 and 31968?
2664
What is the highest common divisor of 4053516 and 24?
12
Calculate the highest common factor of 41534 and 21940882.
2186
What is the greatest common divisor of 26753150 and 7662?
2554
What is the greatest common divisor of 277857377 and 356?
89
Calculate the greatest common divisor of 6012 and 2357789166.
3006
Calculate the highest common factor of 1555048196 and 7241.
7241
What is the highest common divisor of 230509 and 15019?
653
Calculate the greatest common divisor of 55200 and 2711240.
920
What is the highest common divisor of 18966847 and 1499?
1499
What is the highest common factor of 1260 and 89190?
90
What is the greatest common factor of 343 and 2249?
1
Calculate the greatest common factor of 104956 and 105716.
76
What is the highest common factor of 207 and 230836533?
69
What is the highest common factor of 354365 and 394075?
55
Calculate the greatest common divisor of 552 and 951261186.
138
Calculate the highest common factor of 33051517 and 88175.
3527
Calculate the greatest common factor of 266 and 7612635.
19
Calculate the greatest common factor of 1688246 and 324821.
343
What is the highest common factor of 1205 and 87675559?
241
Calculate the highest common factor of 70 and 1043665.
35
What is the greatest common factor of 4995 and 173286?
27
Calculate the greatest common divisor of 1355037 and 9.
3
Calculate the highest common factor of 65043 and 4555638.
657
Calculate the highest common factor of 86242 and 343470.
214
What is the highest common factor of 24923328 and 40650?
1626
Calculate the greatest common divisor of 244216 and 1438199.
343
What is the highest common divisor of 31049694 and 3090126?
13494
What is the greatest common divisor of 334 and 548518681?
167
What is the greatest common factor of 29206 and 2009638?
34
Calculate the greatest common divisor of 320 and 8346560.
320
What is the greatest common factor of 182580 and 35173500?
10740
Calculate the greatest common divisor of 173112400 and 20.
20
What is the greatest common factor of 54776 and 445890?
334
Calculate the greatest common divisor of 71774 and 241349.
17
What is the highest common factor of 759282953 and 33?
11
What is the highest common divisor of 2205 and 7368435?
45
Calculate the greatest common factor of 97771 and 31.
1
What is the greatest common divisor of 26437090 and 30?
10
What is the greatest common factor of 1030106 and 4928?
154
Calculate the greatest common factor of 848 and 78822766.
106
Calculate the highest common factor of 9099260 and 46.
46
Calculate the greatest common factor